g a composite number?
True
Suppose 355771 = 318*g - 317*g + 6*t, -4*t = -16. Is g a composite number?
True
Let o = 3330 - -328. Suppose -c + 2*t + 1845 = 0, 0*c - 2*c - 4*t = -o. Let q = c + 180. Is q a composite number?
False
Let k = -354219 - -498698. Is k a prime number?
True
Let p(r) = r**2 - 8*r - 8. Let o be p(7). Let x be 0*(o/6 + 2). Suppose x*h - 4*h + 980 = 4*l, 0 = 5*h + 10. Is l prime?
False
Suppose 4*s - s = -20025. Let r = -14492 - s. Is (3 + -1 + (r - -1))/(-2) prime?
True
Let g(c) = 68*c**2 + 19*c - 17. Let m be (9/2 + -5)/((-2)/24). Is g(m) a prime number?
False
Suppose 0 = 352*m - 202*m - 201*m + 2461566. Is m composite?
True
Suppose 0 = 6*k - 1303432 + 354586. Is k prime?
True
Is (0 + -1)*(-8028 - -19) a prime number?
True
Let o(l) = l**2 + 16*l + 3. Let g be o(-16). Suppose -1 = g*z + 29. Is (-6680)/(z/2) + (-1 - -2) prime?
False
Let n be 2326/2 - (-5 + 9). Let p = 2826 + n. Suppose 0*l - p = -5*l. Is l composite?
False
Suppose 59*w + 195577384 = 195*w. Is w a prime number?
True
Let a(k) = 1898*k - 321. Is a(23) a composite number?
True
Let r(u) = 11782*u**2 + 1323*u + 13377. Is r(-10) prime?
True
Suppose -791*s + 830*s = 1420887. Is s prime?
True
Suppose 405*f + 105*f - 14938387 = 41824103. Is f composite?
True
Is ((-236)/295 + (-977946)/(-15))*10/4 prime?
True
Let f = 387 + -381. Suppose -124 = f*k - 8266. Is k a composite number?
True
Let q(g) = 99*g - 1225*g + 2 - 731*g. Is q(-7) a composite number?
False
Let r(s) = -106609*s + 16778. Is r(-9) composite?
True
Suppose 0 = -5*b - 5*j + 3049855, -18*j + 2439872 = 4*b - 16*j. Is b prime?
False
Let r = 71 - 69. Suppose -4*u + 492 = 2*f, -r*u = -4*f + 3*u + 1010. Is f + 16/6 + 3/9 a prime number?
False
Suppose -27*u + 657794 = -2304565. Is u composite?
False
Let h(f) = -3*f - 27. Let c be h(-10). Suppose c*b + 51 = k + 9, -4*k = -b - 179. Is (-10)/k - (-281)/9 prime?
True
Let t = 3888 + 16031. Is t a composite number?
False
Suppose -38*d - 20691985 = -172*d - 101*d. Is d a composite number?
True
Let o = 759 - 737. Suppose 35*u - 121745 = o*u. Is u a composite number?
True
Suppose -2*n = 2*n - h - 1, 5*n + 4*h = -4. Suppose n = 298*g - 293*g - 10495. Is g a prime number?
True
Suppose 0 = 5*u + 5*f - 172595, u = -2*f + 19310 + 15217. Is u prime?
True
Is (((-22748264)/42)/22)/(2/(-54)) - -1 composite?
True
Suppose 3*i - 55343 = 10*x, 0 = 3*i - 4*x - 76317 + 20968. Is i a prime number?
True
Is (((-224)/24)/(-14))/((-4)/(-1092954)) prime?
True
Suppose -89*m + 41*m + 31*m + 4593553 = 0. Is m composite?
False
Suppose 0 = l + 6*w - 60463, -28*l + 33*l - 302519 = 4*w. Is l composite?
True
Let j(b) = -5921*b**3 + 2*b + 1. Let n be j(-1). Suppose 0 = 8*a + n - 22728. Is a a prime number?
False
Suppose -37105 = -4*u + 4*n - 5989, -3*u - n + 23345 = 0. Is u composite?
True
Let b be 11 + 1 + 59 + -68. Suppose 4*c = 4*w - 116448, 5*c = b*w + 10*c - 87376. Is w prime?
False
Let a be 1/(-7) - (-66)/21. Let f be (a/((-15)/4))/(66/165). Is ((-5080)/(-12))/f*-3 composite?
True
Is -45*(-342384)/63 - (3 - -10) composite?
False
Suppose 3*l + 1126936 = 4*x, -41*x + 39*x = 4*l - 563490. Is x a composite number?
False
Let p(a) = 9*a**3 - 5*a**2 + 6*a + 82. Let s be p(15). Let z = s - 13803. Is z a prime number?
True
Suppose 14 = 3*i + 4*i. Let z(o) = o**2 - 2*o + 2. Let p be z(i). Suppose -5*a + 2585 = -k + 3*k, -p*k = 4*a - 2068. Is a prime?
False
Is 26*72/3120 - (-996604)/10 a composite number?
False
Suppose 3*o = 15, -4*h + 5*o + 3712 = -3795. Suppose 0 = -3*z - 359 + h. Suppose 0 = -4*j + 24 + z. Is j a prime number?
False
Is (2 + -18892)*6066/(-180) prime?
False
Suppose -82*i = -7445833 - 2743323. Is i prime?
False
Suppose -16*d = -2*d - 14. Let m be (-2 + d)/((-1)/(-4 + -1)). Is 5 + 318 - (-1 - m) prime?
False
Suppose 4*r - 333624 = -5*l, -3*l - r + 23825 = -176348. Suppose -66220 = -16*c + l. Is c composite?
True
Suppose 9462119 = 34*o - 13254675. Is o prime?
True
Suppose -5*n = -2*z + 8, -4*z + z = 3*n - 12. Let q(k) = 1640*k**2 - 22*k - 17. Is q(z) a prime number?
False
Suppose -2*y - 2*f = -3100202, -5*y - 4*f + 4111182 = -3639317. Is y composite?
True
Suppose 0*p - 4*p = -16. Suppose 4*d + 999 = -2*q + 4863, q + d = 1928. Suppose -47 - 1396 = -3*z + 4*f, 4*z + p*f - q = 0. Is z prime?
False
Is (-225447)/(-12) + (-24)/18 + 26/24 a composite number?
False
Suppose 4*k = -3*m - 91, 4*m = 3*k + 12 + 50. Let s = -26 - k. Is s/(-18) + (-20379)/(-27) a prime number?
False
Is ((-2)/(-5))/((-336)/(-4499880)) a composite number?
True
Let w(m) = m**2 - 6*m + 1. Suppose -p + 5*b + 38 = 0, -5*p - b + 82 = b. Let o be w(p). Suppose -4*u + o = 3*d - 0*u, d = -5*u + 87. Is d a composite number?
False
Suppose -15 = z - 18. Let g(w) = 34*w**3 - w**2 + 3*w - 1. Let m be g(z). Suppose m = 5*q - 2018. Is q prime?
True
Let l = 8 - 12. Let i be (-3 - 0/l)*597. Let s = -896 - i. Is s a composite number?
True
Suppose -r - o - 4*o + 15 = 0, -o - 19 = -2*r. Suppose -20*j = 14*j - 408. Suppose -j*f + r*f + 4610 = 0. Is f a composite number?
True
Let r(b) = 12*b**3 - 6*b**2 - 26*b + 7. Let a(s) = -s**3. Let w(c) = 5*a(c) + r(c). Is w(8) a prime number?
True
Suppose -3*g = 2*h + 12, 3*g + 11 = 3*h - 1. Is (-27096 + -4)/g + 4 a prime number?
True
Let u be (-3)/21*-3 + 14205984/273. Let y = u + -35682. Is y prime?
False
Let o(r) = 15*r**2 - 18*r + 32. Let a be o(25). Suppose 4*k = -u + k + 2246, -3*k + a = 4*u. Is u a prime number?
True
Let s(v) = 393*v + 3611. Is s(0) a prime number?
False
Let g = 258199 + -180419. Let m be (g/(-15))/(((-32)/(-12))/(-4)). Let a = m - 3835. Is a a prime number?
True
Suppose 0 = -3*n + 5*z - 38, 3 = -2*n + 3*z - 23. Is (-32852)/n + (-9)/36 prime?
True
Let f = 50830 - 18729. Is f a prime number?
False
Let c = 29723 - 6808. Is c composite?
True
Let a = 1046 + -1885. Let k = 366 - a. Suppose -6*o = -1069 - k. Is o a composite number?
False
Suppose 6*q = -b + 4571006, -3*q + 7*q = 2*b + 3047316. Is q a prime number?
True
Let l = -32 + 36. Suppose -l*y = -2*d + 872, -y - 2260 = -5*d - 71. Let o = d - 253. Is o composite?
True
Is (-1)/9 + (-748)/153 + (11484 - 2) a composite number?
True
Let b be 8 - 1/(2/4). Suppose -10 = -r + b*r. Is 2 + r/(4/(-1538)) a composite number?
True
Suppose -38*n + 420552 = -5*n. Suppose -2*f + f = -3*x + 19121, 0 = 2*x + f - n. Is x prime?
True
Let w = 318 - 305. Let f(n) = 10*n**2 - 7*n + 224. Is f(w) composite?
False
Let p be (-5)/15*(0 + -16629). Suppose -9*t + p = -2602. Is t a prime number?
False
Let r be (39/(-15) - 2/5) + 8. Suppose r*c - 1691 = 4*c. Is c a composite number?
True
Let g(f) = -f**2 + 2*f + 30. Let l be g(7). Let j be l + (2 - (4/(-4) - -1)). Is (2 + j)/(((-16)/236)/4) a prime number?
True
Let s = 204 - -12. Is 2843 - (s/6)/6 a composite number?
False
Let y(q) = 22*q - 48. Suppose 2 = a, -3*h - a = a - 28. Let m be y(h). Suppose -381 = -s - m. Is s prime?
False
Let j = 11 - 19. Let l = 2 + j. Is ((-844)/l)/(42/63) composite?
False
Let t(x) = 3073*x**2 + 8*x - 53. Is t(-6) a prime number?
True
Suppose 110*t - 16602796 + 2012527 = -1923659. Is t a prime number?
True
Suppose 94*h - 18 = -50*h - 594. Let k be 2/(1 + (-6)/8). Is (k*h/(-8) - -541) + -4 a composite number?
False
Let h(g) = 7061*g + 79. Let l = 488 - 486. Is h(l) a prime number?
False
Let k(g) = 7*g + 1. Let t be k(8). Suppose b + t = 3*d - 416, 2*b = 4*d - 940. Let r = -165 - b. Is r composite?
True
Let m(h) = h**3 - 10*h**2 + 5*h - 14. Let u be m(10). Let c be u/((-3)/9 - (-11)/6). Suppose -2*f + 254 = -c. Is f a composite number?
False
Is 0 - (96 + 1)/(90/(-18990)) a prime number?
False
Let l = 9120 - -7744. Is l/12 + (2 - 7/3) a composite number?
True
Let s(v) = 2*v**3 + 37*v**2 + 6*v + 7. Let l be 3*12*(8 + -3)/(-10). Is s(l) a composite number?
False
Let v = -156 - -170. Suppose -13838 = -8*q - v*q. Is q a composite number?
True
Suppose 5*o - 11 = 3*i, -o + 5*i + 11 = -0*o. Let l be (2/1)/(0 + o). Suppose -2*u - l*y + 426 = 2*y, 2*y - 619 = -3*u. Is u a composite number?
True
Let p = 128 - 195. Let x = -64 - p. Suppose 2*y - 2223 = x*z + 284, 4*y - 5029 = 3*z. Is y a composite number?
True
Let d(g) = -g + 3. Let m be d(-7). Suppose 5*n + m = -c, -24 = -2*c + n - 0*n. Is (11 - c)/(1/1901) prime?
True
Suppose 93*w = 108*w - 57675. Is w prime?
False
Suppose -7*y = 625 - 5182. Let